et j(o) = 10*o**3 - 2*o + 1. Let h(i) = -i + 3. Let d be h(4). Let x be 1/(-2)*2*d. Determine j(x).
9
Let w(v) = v - 6. Let j be 4 + -2 + (0 - 5). Let t = j + 13. Suppose 2*k = -0*k + t. What is w(k)?
-1
Suppose 2*r = -0*r + 4. Let t = 5 - 3. Let y(x) = -t*x**2 - 2*x**2 + x**3 - x + 6 + 5*x**r. Give y(0).
6
Let o(g) be the first derivative of -g**4/4 + g**2/2 + 12*g - 19. Calculate o(0).
12
Let x(w) = -w**3 + 4*w**2 + 6*w - 2. Suppose -4*s + 56 - 12 = -3*m, 4*m = s - 37. Suppose 4*g - o - 47 = 0, 3*g + 4*o - 85 = -2*g. Let r = g + m. What is x(r)?
3
Suppose 0*v + 5*v - 20 = s, -s + 16 = 4*v. Let a be 0 + 0 + s + 0. Let x(g) be the first derivative of -g**4/4 + g**3/3 + g**2/2 - 7*g + 10. What is x(a)?
-7
Let t(v) = 2*v - 11. Suppose 0*a = 4*a - 8. Suppose -32 = -2*d - a*d. Let c be t(d). Let s(q) = q + 1. Give s(c).
6
Let j(a) be the second derivative of a**4/12 + a**3 - 2*a**2 - 7*a. Calculate j(-6).
-4
Let v(s) = -s**2 - 3*s + 3. Let j be v(-3). Let r(w) = 3*w - 4. Calculate r(j).
5
Let t(u) = u**2 - 2*u - 3. Let s = 12 + -8. Suppose -4*o = 5*x - 36, o + 12 = s*o. Give t(x).
5
Let f(o) = -o**2 - 4*o. Suppose 5 = -5*j + 45. Suppose j = 2*v - v. Suppose a + v = -a. Determine f(a).
0
Let s(h) be the first derivative of -11*h**4/4 + h**2/2 - h + 46. Give s(1).
-11
Let a(m) = 13*m - m**2 - 15*m - 3 + 4. Determine a(4).
-23
Let t(v) be the first derivative of v**4/4 + 11*v**3/3 + v**2/2 + 12*v - 42. Calculate t(-11).
1
Let u(s) be the second derivative of s**4/12 + 5*s**3/6 + 3*s**2/2 - 6*s. Give u(-3).
-3
Let g(r) = 4*r - 3. Let w(z) = z - 2. Let o(s) = g(s) - 3*w(s). What is o(8)?
11
Let g = 2 + -7. Let o(l) = -l**2 - 5*l + 6. What is o(g)?
6
Let u(r) = -6*r. Let z = 1 + 18. Let t = 18 - z. Calculate u(t).
6
Let u = -3 + 6. Let c(x) be the third derivative of x**4/8 + x**3/6 + 3*x**2. Calculate c(u).
10
Let p(h) = -3*h**2 - 3*h**2 + 5*h**2 + 0*h + 4 - 4*h. Give p(3).
-17
Let q(x) be the first derivative of -1/3*x**3 - 6*x - 6 + 2*x**2. What is q(4)?
-6
Let t(b) = b**2 - b - 1. Let q(n) = -5*n**2 + 2*n + 5. Let x(w) = q(w) + 3*t(w). What is x(-2)?
-4
Let z(y) be the second derivative of y**4/12 + y**3/6 - 2*y**2 + 11*y. Determine z(-3).
2
Let d(n) be the first derivative of n**4/4 + 7*n**3/3 + 7*n**2/2 + 3*n - 8. What is d(-5)?
18
Let x(i) = -8*i - 1. Let p(v) = 2*v - 13. Let m be p(6). Calculate x(m).
7
Let h(m) = -3 + 5 - 4 - 3*m. Suppose 0 = -2*c + 3*n + 43, -6*n - 25 = -n. Suppose 0 = -y - 5*s - c, 4*s - 10 + 30 = -3*y. Give h(y).
10
Suppose -2*t + 9 = 15. Let d(h) = h**2 + 5*h + 4. Determine d(t).
-2
Suppose -5*u - 5 = 45. Let j be (-4)/u*2*-5. Let p(i) = i + 5. Give p(j).
1
Let t(y) = -y**3 + 2*y**2 + y. Let b be t(3). Let w(v) = v**2 + 6*v - 4. What is w(b)?
-4
Let h(x) be the second derivative of -x**6/120 + x**4/24 - 5*x**3/6 - x**2/2 - 3*x. Let g(u) be the first derivative of h(u). What is g(0)?
-5
Suppose 6 + 2 = 2*y, 28 = 5*u + 2*y. Suppose 0 = n - 5*n - u. Let t(b) = -4*b. Let j be t(n). Let m(a) = -a**3 + 5*a**2 - a - 4. What is m(j)?
8
Let z(h) = 2*h - 3. Let k(r) = 2*r + 0*r - 5*r + 6 + 0. Let s(o) = -4*k(o) - 9*z(o). Let j = -4 - -6. Determine s(j).
-9
Suppose -3*h = -2*h. Suppose h*b = b. Let a(z) = -z**3 + 7. Give a(b).
7
Let f(v) = 2*v**2 - 7*v - 9. Let q(g) = -g**2 + 3*g + 4. Let y(p) = 4*f(p) + 9*q(p). Calculate y(2).
-6
Let y(r) = r + 11. Suppose 3*c + 12 = 2*c - 4*j, 2*c + 2*j = 0. Let q = c + -4. Give y(q).
11
Suppose -4*x + 15 = 5*s, -5*s - 15 = 5*x - 35. Let a = 4 + s. Let p(c) = -c**3 + 2*c**2 + 4*c - 3. Give p(a).
0
Let r(a) = -3*a - 3. Let b(y) = -y**2 - 7*y + 3. Suppose -8*j = -3*j + z + 30, 3*z = 3*j + 18. Let h be b(j). Let f = 7 - h. Calculate r(f).
3
Let n(v) = -3*v + 1. Let g(o) = -4 + 0 - o + 1. Let w be g(-4). Give n(w).
-2
Let r(d) = 3*d - 5. Let m(o) = 4*o - 4. Let y(q) = 2*m(q) - 3*r(q). Calculate y(0).
7
Suppose -3*k = -5*c - 34, c = 2*c + 2. Let f = 5 - k. Let a(d) = -3 + 2 + 0*d - 3*d. What is a(f)?
8
Let k(b) = b - 2. Let z(a) = -2*a + 4. Let h(v) = -9*k(v) - 4*z(v). Suppose 5*i - 4*t + 5 = -0, 0 = -3*i - 5*t + 34. Suppose -12 = 3*c - i. Calculate h(c).
5
Let k(t) = t**2 - 12. Suppose -11*c + 10*c = 0. Calculate k(c).
-12
Let c(p) = 16*p + 1. Let s(b) = 4*b. Let y(d) = -2*c(d) + 9*s(d). Suppose 0 = 3*n + 3*k - 12, -n - 2*k = -3*n. Determine y(n).
6
Let a(y) = -y**2 + 4*y - 5. Suppose -3 = -3*r + 9, 0 = 4*g - 5*r. Determine a(g).
-10
Let c be 5/((-15)/(-9))*-1. Let l = -7 - -4. Let g = l - c. Let n(t) = t**2. Give n(g).
0
Let k(q) = -4*q**2 - 5*q + 4. Let m(y) = -5*y**2 - 6*y + 4. Let l(s) = -4*k(s) + 3*m(s). Give l(4).
20
Let u be (2 + 0)/(-6)*-9. Suppose -2*r - u = p - 0*r, -2*p + 3*r + 1 = 0. Let k(j) = 7*j + 1 + 0*j + 0. What is k(p)?
-6
Let j be (24/14)/(3/(-21)). Let h be j/(-10) - (-4)/(-20). Let a(w) = 1. Let p(u) = -4*u - 9. Let o(k) = h*p(k) + 5*a(k). Give o(-3).
8
Let l(m) = -3*m**3 + 19*m**2 + 14*m - 17. Let i(o) = o**3 - 7*o**2 - 5*o + 6. Let a(p) = -17*i(p) - 6*l(p). Let c be (-5)/3 + 1/(-3). Calculate a(c).
10
Let n(w) = w**3 - 6*w**2 + 7*w. Let g be n(5). Let s(u) = u**3 - u + 7 - g - 2. Let a be s(0). Let h(c) = 2*c + 4. What is h(a)?
-6
Let f(o) be the third derivative of -o**5/60 - o**4/4 - o**3 - o**2. Suppose -4*a = 20, 0*a = q - 3*a - 10. Calculate f(q).
-1
Let q(h) = h + h**2 + 1 + 0*h**2 - 5. Suppose -5*a = -a - 12. Suppose -a*k = -k. Calculate q(k).
-4
Let i(o) be the second derivative of 1/6*o**3 - 1/20*o**5 + 0 - 1/2*o**2 + 0*o**4 + 6*o. Let s be (-4)/(-10) - 2/5. Determine i(s).
-1
Let v(o) = -o**3 + o**2 - o - 6. Suppose -4*s = 2*f - 3*s, -f - 5*s + 9 = 0. Let y be ((-3)/(2 - -1))/f. Let j be (9/(-6) + y)*0. Give v(j).
-6
Let a(v) = -v**3 - 7*v**2 + 5*v + 2. Let n(x) = 5*x**3 - x**2 - 14*x - 6 - 2*x**3 + 21*x**2. Let q(p) = 17*a(p) + 6*n(p). Determine q(0).
-2
Let b(g) be the third derivative of 0*g - 1/3*g**3 + 0 + g**2 - 1/24*g**4. Calculate b(6).
-8
Let l(p) = -p**3 - p**2 + p + 2. Suppose 0*c = 7*c + c. What is l(c)?
2
Let h(m) = -m**2 - 7*m - 1. Suppose -4*t + t = 18. Determine h(t).
5
Let a(i) = i + 9. Let w(x) = -2 - 3 + 0 + 6. Let d(k) = a(k) - 5*w(k). Give d(3).
7
Let y(n) be the third derivative of n**6/120 + n**5/60 - n**4/24 - 2*n**3/3 + 14*n**2. Suppose g + 0*g = 0. Calculate y(g).
-4
Let l(x) = 6*x**2 + x - 1. Let s(g) = g + 5. Let z be s(0). Let d be ((-1)/(-2))/(z/10). Give l(d).
6
Let w(l) be the first derivative of -l**4/4 - 7*l**3/3 - 8*l - 70. Give w(-7).
-8
Let u be -1 + -1 + (-4)/(-2). Let f(g) = g**2 - g. Let c be f(2). Let t(d) = -10 + 2*d + 2 - 3*d + d**c. Give t(u).
-8
Let i(u) = -u - 3. Suppose -4 = -s, -5*n - 5*s - 13 = -48. Calculate i(n).
-6
Let d(t) be the third derivative of -t**4/4 + 3*t**2. What is d(2)?
-12
Let k(d) = d**2 - 4*d + 4. Let y be 4/22 - (-42)/11. Calculate k(y).
4
Let r(l) = l**3 + 6*l**2 + 7*l + 5. Let g be 9 - (4/2 - 5). Let v = 7 - g. Give r(v).
-5
Let z(p) = 2*p. Suppose -5 - 30 = 5*o + 5*y, 23 = -o - 5*y. Determine z(o).
-6
Let t(y) = -y. Let o be (-4)/(-12) + (-1)/3. Let c = -2 + o. Let u be (c/(-6))/(4/12). Calculate t(u).
-1
Let x(u) = 4*u + 1. Suppose -2*f - 2*f + 20 = 0. Suppose 10*y - f = 5*y. Determine x(y).
5
Let n(l) = 2*l**3 + 3*l**2 + 2*l - 1. Let f(k) = -7*k - k - k**2 - 14 + 5. Let m be f(-7). Calculate n(m).
-9
Let i(t) = 7*t - 2. Let y(v) = v + 1. Let g(h) = -i(h) + 5*y(h). Suppose -2*c + 17 = -n, 5*c + n + n = 29. Determine g(c).
-7
Suppose 7 = 5*b + 27. Let k(r) = -r**3 - 3*r**2 + r + 3. Give k(b).
15
Let j = 12 + -10. Suppose -t = -3*y - 13, 11 + 3 = -4*y - j*t. Let d(q) = -4*q**2 + 0 - 5 + q + 3 - q**3. Calculate d(y).
-6
Let b(r) = -r + 7 - 4 + 2 - 9. What is b(8)?
-12
Let k(f) be the third derivative of 0 + 2*f**2 - 1/6*f**3 + 0*f - 7/60*f**5 + 1/24*f**4. What is k(1)?
-7
Let l(n) = n**2 + 2*n + 3. Let v = 20 - 15. Suppose j - v*j = 8. What is l(j)?
3
Let c(f) = f**3 - 7*f**2 + 10*f - 7. Suppose -6*d + 22 = -14. Calculate c(d).
17
Let t(b) = b**3 - 7*b**2 - 6*b + 10. Let m(y) = -2*y**3 + 6*y**2 + 5*y - 10. Let d(h) = -2*m(h) - 3*t(h). Give d(-8).
-10
Let s = -1 - -1. Let w = 9 + -5. Suppose -v = w*j + 9, s*v - 3*j = 2*v + 13. Let y(p) = p**3 + 6*p**2 + 3*p - 2. What is y(v)?
8
Suppose -o - o = 0. Let l(r) = -r**2. Give l(o).
0
Let p(t) = -t**3 + 7*t**2 - 5*t - 6. Let x(l) = l**2 + l - 6. Let s be 